6
Let h(n) = -3*n**3 + 20*n**2 + 4*n - 78. What is h(6)?
18
Let s(b) = b**3 - 27*b**2 - 17*b - 319. Give s(28).
-11
Let d(h) = -25*h + 75. Give d(15).
-300
Let h(t) = 21*t + 353. Give h(-15).
38
Let r(b) = 1066*b - 5331. Calculate r(5).
-1
Let y(b) = -22*b + 257. Calculate y(14).
-51
Let h(z) = 113*z + 264. What is h(-3)?
-75
Let g(b) = -3*b**3 - 71*b**2 + 7*b + 41. Give g(-24).
449
Let q(w) = 6*w**2 + 163*w + 35. What is q(-27)?
8
Let a(w) = -3*w**2 + 13*w + 86. Determine a(8).
-2
Let b(p) = -3*p**2 + 90*p - 584. Give b(20).
16
Let r(s) = -s**3 + 23*s**2 - 104*s + 113. What is r(5)?
43
Let c(g) = g**2 + 18*g + 72. Determine c(-17).
55
Let b(x) = 646*x - 1316. Determine b(2).
-24
Let q(i) = 16*i**3 - i**2 + 1. What is q(2)?
125
Let o(w) = 71*w + 508. Give o(-10).
-202
Let p(a) = -372*a - 34958. What is p(-94)?
10
Let h(c) = -c**3 - 78*c**2 - 80*c - 349. Calculate h(-77).
-118
Let t(o) = 61*o - 4195. Give t(69).
14
Let o(j) = -1104*j - 22059. Give o(-20).
21
Let m(g) = 66*g**2 - 63*g + 2. Calculate m(1).
5
Let z(q) = -q**2 + 54*q + 858. Give z(64).
218
Let y(s) = -62*s**2 - 17*s - 25. Give y(-2).
-239
Let b(z) = 2*z**3 + 104*z**2 - 33*z - 1751. Calculate b(-52).
-35
Let v(r) = 5*r**3 - 41*r**2 + 2*r - 19. Calculate v(8).
-67
Let g(v) = 7*v**3 + 344*v**2 + 52*v + 388. What is g(-49)?
241
Let g(a) = a**3 - 10*a**2 - 6*a - 33. What is g(11)?
22
Let f(a) = -2*a**2 + 2538*a - 17686. Calculate f(7).
-18
Let k(l) = -17*l - 91. Give k(-5).
-6
Let x(b) = 3*b**2 - 111*b - 248. Determine x(39).
-14
Let k(y) = y**3 - 6*y**2 - 50*y + 157. Determine k(10).
57
Let h(n) = -2*n**2 - 771*n - 20027. What is h(-28)?
-7
Let o(t) = 2*t**3 + t**2 - 79*t - 247. Determine o(-3).
-55
Let l(k) = k**3 - 9*k**2 - 25*k + 74. Determine l(11).
41
Let m(f) = f**3 + 20*f**2 + 401. What is m(-21)?
-40
Let a(r) = -3*r**3 - 9*r**2 - 19*r - 12. Calculate a(-2).
14
Let g(a) = -429*a**2 - 41*a + 41. Give g(1).
-429
Let f(d) = d**3 + 3*d**2 - 80*d - 66. What is f(8)?
-2
Let f(z) = -17*z - 154. What is f(-9)?
-1
Let l(o) = -3*o**3 + 12*o**2 - 14*o - 12. Determine l(5).
-157
Let j(d) = -38*d - 70. What is j(-2)?
6
Let q(a) = 14*a + 19. Give q(-3).
-23
Let p(a) = a**3 - 1239*a**2 - 7465*a + 39. What is p(-6)?
9
Let q(o) = 95*o**2 + 147*o + 16. Calculate q(-2).
102
Let j(u) = -2*u**2 + 17*u + 10. Give j(10).
-20
Let q(f) = -59*f + 292. Determine q(7).
-121
Let t(b) = -13*b + 464. Determine t(6).
386
Let m(f) = -f**3 + 22*f**2 - 37*f - 49. Determine m(20).
11
Let b(g) = -909*g - 90876. Calculate b(-100).
24
Let j(l) = l**3 + 6*l**2 + 23*l + 92. Give j(-6).
-46
Let m(g) = -g**3 - 14*g**2 - 12*g + 13. Give m(-12).
-131
Let j(q) = q**2 - 37*q - 32. Give j(35).
-102
Let j(g) = 55*g + 197. What is j(-3)?
32
Let s(x) = 1468*x - 1434. Calculate s(1).
34
Let v(k) = 5*k**2 - 288*k + 4049. Calculate v(33).
-10
Let m(o) = 505*o - 2014. Determine m(4).
6
Let k(f) = 6*f - 157. Give k(12).
-85
Let z(i) = 19*i**3 - 4*i**2 - 7*i + 9. Give z(1).
17
Let i(m) = -2*m**3 - 226*m**2 + 221*m - 683. What is i(-114)?
115
Let o(q) = q**3 + 72*q**2 - 149*q - 183. Calculate o(-74).
-109
Let t(i) = -i**3 - 302*i**2 - 2074*i - 2650. Give t(-295).
5
Let c(o) = 20*o + 99. Calculate c(-20).
-301
Let o(k) = -72*k - 141. Calculate o(-2).
3
Let r(u) = -2*u**2 - 7*u + 100. Give r(-8).
28
Let d(u) = -42*u**2 - 204*u + 11. Calculate d(-5).
-19
Let g(y) = -4*y**3 + 211*y**2 + 674*y + 6. Calculate g(-3).
-9
Let m(l) = -l**3 - 13*l**2 - l + 4. Give m(-12).
-128
Let g(i) = -i**2 + 469*i + 11309. Give g(-23).
-7
Let b(n) = -50*n - 205. Give b(-4).
-5
Let g(x) = -x**2 - 150*x + 961. Calculate g(6).
25
Let y(g) = -314*g + 8480. Calculate y(27).
2
Let g(i) = -103*i**2 + 823*i + 10. What is g(8)?
2
Let u(o) = 6792*o + 74707. Determine u(-11).
-5
Let p(d) = 7*d**3 + 4*d**2 - 15*d + 11. Calculate p(2).
53
Let b(m) = -2*m**3 + 254*m**2 + 774*m + 7. What is b(-3)?
25
Let u(f) = f**3 - 17*f**2 - 16*f - 39. What is u(18)?
-3
Let h(g) = -14*g**2 + 448*g. What is h(32)?
0
Let u(n) = -118*n - 9444. Calculate u(-80).
-4
Let i(u) = u**3 - 46*u**2 + 210*u - 1. What is i(41)?
204
Let o(s) = -s**3 - 10*s**2 + 156*s + 1615. What is o(-10)?
55
Let d(s) = -12*s**3 - 181*s**2 - 20*s - 64. Calculate d(-15).
11
Let j(d) = d**2 + 4*d - 4199. What is j(63)?
22
Let v(j) = 4*j**2 + 5*j - 159. Give v(-7).
2
Let z(h) = -h**3 + 21*h**2 - 61*h + 406. Calculate z(19).
-31
Let g(m) = -5*m - 199. Give g(-30).
-49
Let s(o) = 7*o - 109. What is s(13)?
-18
Let w(x) = x**3 - 10*x**2 - 42*x + 202. Give w(12).
-14
Let k(p) = p**2 - 61*p + 9. Determine k(0).
9
Let a(f) = -f**2 - 117*f + 8342. Give a(-167).
-8
Let h(j) = -42*j - 782. Determine h(-21).
100
Let w(q) = 8*q + 75. Give w(10).
155
Let i(b) = -b**3 + 47*b**2 - 478*b - 25. Calculate i(15).
5
Let r(p) = 16*p - 107. What is r(-9)?
-251
Let r(x) = -135*x - 283. Calculate r(-2).
-13
Let y(k) = -12*k + 58. Determine y(8).
-38
Let r(u) = 7*u**3 - 288*u**2 + 48*u - 277. Calculate r(41).
10
Let n(z) = z**3 - 16*z**2 + 61*z + 13. Calculate n(8).
-11
Let q(l) = -54*l - 675. Give q(-15).
135
Let q(i) = -i**3 + 73*i**2 + 152*i - 172. Give q(75).
-22
Let u(n) = 419*n + 120261. Calculate u(-287).
8
Let q(f) = -5*f**3 + 21*f**2 + 78*f - 139. What is q(6)?
5
Let c(k) = 3*k**3 + 34*k**2 - 72*k - 86. What is c(-13)?
5
Let g(r) = 28*r + 1156. Determine g(-41).
8
Let v(s) = -s**2 - 23*s - 15. Determine v(-22).
7
Let u(z) = 12*z**2 + 85*z - 2730. Calculate u(12).
18
Let b(c) = c**3 - 41*c**2 + 271*c - 491. What is b(4)?
1
Let g(c) = 164*c - 490. Determine g(3).
2
Let l(q) = -2*q**2 + 21*q - 68. Determine l(5).
-13
Let j(v) = 3*v**2 + 57*v - 248. Determine j(4).
28
Let z(t) = 13*t**3 + 70*t**2 - 4*t + 4. Calculate z(-5).
149
Let x(c) = -7*c**3 + 119*c**2 + 17*c - 312. Calculate x(17).
-23
Let i(r) = -r**3 - 20*r**2 + 24*r + 471. Give i(-20).
-9
Let p(g) = -g**3 - 55*g**2 - 95*g + 593. Give p(-53).
10
Let a(b) = 2*b**2 + 132*b - 1363. Give a(9).
-13
Let d(w) = 396*w - 2789. Give d(7).
-17
Let j(t) = -t**2 - 37*t + 3442. Calculate j(-80).
2
Let v(g) = -2*g**3 - 14*g**2 - 6*g - 5. Give v(-4).
-77
Let t(n) = n**3 - 12*n**2 - 14*n + 35. Determine t(13).
22
Let q(p) = -p**3 - 46*p**2 + 50*p + 36. Calculate q(-47).
-105
Let y(z) = -2*z**3 - 135*z**2 - 71*z - 254. Give y(-67).
14
Let b(w) = 74*w - 10064. Determine b(135).
-74
Let j(p) = p**2 - 32*p + 155. Calculate j(9).
-52
Let z(k) = -2*k**3 + k**2 - 1345*k - 2705. What is z(-2)?
5
Let l(g) = g**3 - 22*g + 23. What is l(4)?
-1
Let l(x) = 60*x - 69. Determine l(0).
-69
Let q(z) = 2222*z - 39997. Calculate q(18).
-1
Let r(l) = -l**3 + 7*l**2 - 9*l - 16. What is r(6)?
-34
Let u(z) = -z**2 + 34*z + 57. Determine u(43).
-330
Let k(c) = c**2 + 10*c - 374. Give k(14).
-38
Let k(h) = -15*h + 733. What is k(46)?
43
Let s(y) = -18*y**2 + 1207*y - 54. What is s(67)?
13
Let h(p) = p**3 - 9*p**2 - 26*p + 2. Give h(11).
-42
Let x(p) = 1354*p + 8148. Calculate x(-6).
24
Let k(t) = 7*t**2 + 2. What is k(-4)?
114
Let j(p) = -12*p - 853. Calculate j(-23).
-577
Let d(o) = 12*o + 729. Determine d(-62).
-15
Let q(x) = -146*x + 3650. Determine q(25).
0
Let b(d) = 8*d + 113. What is b(9)?
185
Let j(v) = v**2 - 88*v - 2548. Give j(-22).
-128
Let m(u) = -201*u - 1605. Calculate m(-8).
3
Let r(z) = z**3 - 21*z**2 + 50*z - 566. What is r(20)?
34
Let p(x) = -x**3 - 17*x**2 - 44*x - 18. What is p(-12)?
-210
Let x(i) = -460*i**2 - 2775*i - 9. Give x(-6).
81
Let z(r) = -5*r**2 - 138*r - 72. What is z(-27)?
9
Let t(l) = -l**3 + 82*l**2 - 387*l + 33. Determine t(77).
-121
Let m(n) = -289*n - 9865. Determine m(-34).
-39
Let j(a) = -712*a - 14939. Calculate j(-21).
13
Let v(q) = -2*q**2 + 20*q - 65. What is v(4)?
-17
Let u(o) = 15*o + 380. Give u(-24).
20
Let l(o) = o**3 - 24*o**2 + 3*o + 14. Calculate l(24).
86
Let w(s) = -2*s**3 + 180*s**2 - 80*s + 7206. Give w(90).
6
Let l(p) = 260*p - 25480. What is l(98)?
0
Let t(p) = 97*p**3 + 5*p**2 - 2*p - 1. Determine t(1).
99
Let k(z) = 4*z**3 - 73*z**2 + 129*z + 235. Determine k(16).
-5
Let i(b) = 68*b + 3354. Calculate i(-49).
22
Let z(m) = m**3 - 11*m**2 - 18*m + 1. Determine z(13).
105
Let m(z) = -z**3 - 28*z**2 - 96*z - 3. Determine m(-24).
-3
Let g(j) = -2070*j - 22775. Calculate g(-11).
-5
Let l(m) = 3024*m - 4. Give l(0).
-4
Let l(z) = 2*z**2 + 2*z - 20. Determine l(3).
4